at are the prime factors of y/(2*2/48)?
2, 3
Let g(s) = -4*s + 1. Suppose -v + 2*v = -3. What are the prime factors of g(v)?
13
What are the prime factors of 138/(-18)*(-39)/1?
13, 23
Let h(f) = f - 3. Let n be h(9). What are the prime factors of (1 - 119)*(-3)/n?
59
Suppose 65 = 15*j - 14*j. List the prime factors of j.
5, 13
Suppose 5*z + 24 = m, -z - 5*m + 9 + 7 = 0. List the prime factors of 2 + (-1)/(z/100).
3
Let r(s) = s + 5. What are the prime factors of r(7)?
2, 3
Let p(g) = g + 15. Let f be p(-12). Suppose 2*s + f*l = -0*s + 65, -4*s - 4*l + 128 = 0. What are the prime factors of s?
31
Let v = -105 + 155. List the prime factors of v.
2, 5
Let c(z) = -z**2 - 15*z - 12. What are the prime factors of c(-10)?
2, 19
Suppose 35*i = 27*i + 1968. What are the prime factors of i?
2, 3, 41
Suppose 8*t - 416 = 752. What are the prime factors of t?
2, 73
List the prime factors of 3 + (-9)/(36/(-280)).
73
Let m = -8 + 46. What are the prime factors of m?
2, 19
Let a(k) = k**3 + 1. Let w be a(1). Let q(n) be the third derivative of n**6/60 - n**5/20 + n**4/12 + n**3/3 - n**2. What are the prime factors of q(w)?
2, 5
Let d(k) = k**3 + 6*k**2 - 22*k - 6. Let a(z) = -z**2 - z. Let s(n) = -5*a(n) + d(n). What are the prime factors of s(-12)?
2, 3
Suppose 0 = -2*g - 3 - 1. Let f = -3 - -9. List the prime factors of 50/f - g/(-6).
2
Let k(t) = 39*t**2 + t + 3. What are the prime factors of k(3)?
3, 7, 17
Suppose 0*i + 4*i + 12 = 0, -d = 5*i - 1. Let c = 8 - 5. Suppose 0 = -t + c*t - d. What are the prime factors of t?
2
Suppose 4 = -0*r + r. Suppose 3*z = -0*z + r*o + 61, z + o = 11. List the prime factors of z.
3, 5
Let d(c) = -14*c - 5. Let v(y) = -5*y - 2. Let w(b) = 4*d(b) - 11*v(b). List the prime factors of w(-5).
7
Suppose 3*r + 0*r = -54. List the prime factors of (4 + r)/(4/(-2)).
7
Let d(h) = 71*h - 18. What are the prime factors of d(1)?
53
Suppose 0 = -m - 0*m + 4. Suppose 3*t = -2*b - 4, -2*b + 0*b - 6 = m*t. List the prime factors of (-82)/(-4) + b/(-2).
2, 5
Suppose 38 = -4*l + u - 2*u, -5*l + 4*u - 37 = 0. List the prime factors of (9/l)/(2/(-48)).
2, 3
List the prime factors of 176/48 + 2/6.
2
What are the prime factors of -47*20/(-15) - (-2)/6?
3, 7
Let y be (-5)/20 - 145/(-4). Suppose 84 = 5*d - y. What are the prime factors of d?
2, 3
Suppose 3*x = 4*j - 33, -5*j - 3*x + 17 = -31. What are the prime factors of j?
3
Let a = 39 + 3. What are the prime factors of a?
2, 3, 7
Let t(w) = w**3 - 2*w**2 + 2*w - 8. Let j be (-4)/(-18) + (-136)/(-36). List the prime factors of t(j).
2
Suppose -3*h - 25 = -5*z + 2*h, 2*h = -2. Suppose l = -l - z*k, -3*k = 0. Suppose -2*f + 26 = 7*u - 3*u, l = -3*u + 4*f + 25. List the prime factors of u.
7
Suppose 2*v + 355 = 3*n + 120, -n = -4*v - 75. What are the prime factors of n?
79
Let r = 35 + -5. What are the prime factors of r?
2, 3, 5
Let t(z) = 3*z**3 + 6*z**2 + 5*z + 4. Let j be t(5). List the prime factors of j/22 - (-16)/(-88).
5
Let z(k) = 1 - k**2 + k**2 - 2*k - 5*k**2. Let j be z(1). What are the prime factors of -2*57/j*1?
19
Let d = 78 + 7. List the prime factors of d.
5, 17
Suppose -a - 4*a = -10. Suppose -a*s + b = -s - 43, 0 = 4*b + 20. What are the prime factors of s?
2, 19
What are the prime factors of (-17)/34 - 21/(-2)?
2, 5
Let m be 12/15*(-15)/(-3). Suppose 0*k - 3*k - m = -l, 3*k = 5*l - 44. List the prime factors of l.
2, 5
Let m(l) = l**3 + 10*l**2 - 1. Let k be m(-10). Let x(g) = -8*g - 1. What are the prime factors of x(k)?
7
Let p = -8 + 13. Suppose -30 = -p*h + 3*k, 2*k - 18 = -3*h + 4*k. What are the prime factors of h?
2, 3
Suppose 13 - 38 = 5*n. Let d(u) = -u**2 - 6*u. Let a be d(n). Suppose s = a*y - 21, 2*y - 5 = -5*s + 25. What are the prime factors of s?
2
Let c be ((-3)/(-6))/(2/(-96)). Let n = 50 + c. What are the prime factors of n?
2, 13
Suppose -3*y + 3*i = -5*y + 40, 5*y = -5*i + 90. What are the prime factors of y?
2, 7
Suppose -5*c = -s + 36, -14 = -2*s - 3*c + 84. What are the prime factors of s?
2, 23
Let x(f) be the second derivative of f**4/12 - 5*f**3/6 - 4*f**2 - 3*f. Let q be x(6). List the prime factors of (-1 - 6/q)*6.
2, 3
What are the prime factors of (-77 + 2)*(-7)/21?
5
Let f(j) = j**3 - j**2 - j + 1. Let z be f(2). Suppose 36 = -z*l + 6*l. List the prime factors of l.
2, 3
Let t = -6 - 4. Let v = 13 + t. What are the prime factors of v?
3
Let n(s) = 4*s**2 - 4*s + 2. Let b be n(3). Suppose 3*w = -4*u + b, -u + 4 = 5*w - 11. Let q = 8 - w. List the prime factors of q.
2, 3
Suppose -12 = -4*w + 3*w. Let m be 3/(-9) + 328/w. Let g = m + -13. List the prime factors of g.
2, 7
Let x(f) = -f**2 + f. Let b(s) = s**2 - 6*s + 7. Let p(n) = b(n) + 2*x(n). What are the prime factors of p(-4)?
7
Let f(v) = -10*v + 6. Suppose -5*a - 15 - 10 = 0. Let k be f(a). Suppose k = 4*n + 4. What are the prime factors of n?
13
Suppose 0 = -2*k - 2*y + 396, 0*y - 4*y = -16. List the prime factors of k.
2, 97
Let o = -108 - -156. List the prime factors of o.
2, 3
Let t(c) = -c**3 + 6*c**2 + 9*c - 6. Suppose 76 = 3*n + 5*x + 30, -2*x = 4*n - 38. What are the prime factors of t(n)?
2
Let p(l) = -l - 10. Let m be p(-11). Suppose h = -m + 9. List the prime factors of h.
2
What are the prime factors of (-3 + 0)/(1/(-11))?
3, 11
Let q be ((-1)/4)/(3/12). Let w = 11 + q. What are the prime factors of w?
2, 5
Let w be 114 - -1*(1 + 2). Let g = w - 80. What are the prime factors of g?
37
Let w(b) = 6*b**2 + 10*b + 6. List the prime factors of w(-5).
2, 53
Let w(o) = -o - 7. Let i be w(-7). Suppose 3*y - 4 + 1 = i. What are the prime factors of (-3)/(2*y/(-6))?
3
Let q(w) = -w**2 - 8*w - 2. Let m(o) = -3*o**2 - 25*o - 5. Let l(i) = -2*m(i) + 7*q(i). Suppose -4*h = -h + 12. List the prime factors of l(h).
2
Let y be 638 + (4 - 14/2). List the prime factors of y/13 - 4/(-26).
7
Suppose -17*n + 9*n = -2112. What are the prime factors of n?
2, 3, 11
Let n be 2*(-1)/1*-2. Let z(d) = d**2 + 6*d. Let x be z(-6). Suppose n*t + 2 - 46 = x. What are the prime factors of t?
11
Let x(n) = -103*n - 30. List the prime factors of x(-2).
2, 11
Let o = -191 - -430. List the prime factors of o.
239
Suppose -a + 7*t = 3*t - 385, 0 = 2*a - 5*t - 767. List the prime factors of a.
3, 127
Let v = 19 - 12. Suppose -v = q + 17. Let h = 38 + q. List the prime factors of h.
2, 7
Suppose -l - l + 1 = -w, 0 = 3*w - 5*l. List the prime factors of w.
5
Let b = -17 + 28. List the prime factors of b.
11
Let n = -9 + 2. What are the prime factors of (-2)/n + (-748)/(-77)?
2, 5
Let s be 1 + 1*-19 + 0. Let y be (-14)/s + 2/9. Let p(b) = 7*b + 1. List the prime factors of p(y).
2
Let k = 10 + -5. Suppose -5*i + 6*i - k = 0. List the prime factors of i.
5
Suppose -12 = -0*q - 3*q. Suppose -51 = -q*l - k, 2*l - 5*l = 2*k - 37. What are the prime factors of l?
13
Suppose 0 = 2*o - 75 - 59. What are the prime factors of o?
67
Let o(s) = -14*s + 19. What are the prime factors of o(-4)?
3, 5
Let t(k) be the second derivative of 1/2*k**4 + 0 + 1/20*k**5 + 0*k**3 + 2*k + 2*k**2. List the prime factors of t(-6).
2
Let b = -39 - -105. List the prime factors of b.
2, 3, 11
Suppose 3*i - 127 = 2*f, 3*f - 2 = -i + 55. What are the prime factors of i?
3, 5
What are the prime factors of 6/(-27) - 182/(-9)?
2, 5
Let j = -496 + 704. What are the prime factors of j?
2, 13
Let f(u) = 2*u - 1. List the prime factors of f(6).
11
Let v = 67 - 34. What are the prime factors of v?
3, 11
Let j(h) = -h**3 - 13*h**2 + 20*h - 4. List the prime factors of j(-15).
2, 73
Suppose -36 = -4*r + 72. Suppose -4*i - 3*v + 6*v = -r, 4*v + 32 = 4*i. What are the prime factors of i?
3
Suppose 0 = -4*l + 29 + 3. Let s(i) = i - 5. Let c be s(l). Let t = -1 + c. List the prime factors of t.
2
Suppose -9*w = -6*w - 195. List the prime factors of w.
5, 13
Let o(l) = -l**2 + l - 1. Let k be o(1). Let t = k - -3. Suppose 14 = 3*x + t*i, 3*x - 3*i - 1 = 8. List the prime factors of x.
2
What are the prime factors of (37/(-37))/(174/(-173) - -1)?
173
Suppose i - 10 = -4*i. Suppose 4 = -l + i*l. What are the prime factors of l?
2
Let p(i) = -13*i - 4. Let x(d) = -d - 1. Let o(c) = p(c) - 3*x(c). List the prime factors of o(-2).
19
Let o(g) = 2*g + 5. Suppose -21 = -3*h + 3*q, -7 = -0*h - h - 2*q. List the prime factors of o(h).
19
Let y(i) = 1 - 3*i + 3 + 2 - 5. L